{"id":488,"date":"2024-08-19T10:48:27","date_gmt":"2024-08-19T10:48:27","guid":{"rendered":"https:\/\/naszaszkola.com.pl\/psp\/o-szkole\/dzwonki-copy\/"},"modified":"2024-11-06T14:40:17","modified_gmt":"2024-11-06T14:40:17","slug":"nasza-misja","status":"publish","type":"page","link":"https:\/\/naszaszkola.com.pl\/psp\/o-szkole\/nasza-misja\/","title":{"rendered":"Nasza misja"},"content":{"rendered":"\t\t<div data-elementor-type=\"wp-page\" data-elementor-id=\"488\" class=\"elementor elementor-488\" data-elementor-post-type=\"page\">\n\t\t\t\t\t\t<section class=\"elementor-section elementor-top-section elementor-element elementor-element-afd4b5f elementor-section-content-middle elementor-section-boxed elementor-section-height-default elementor-section-height-default\" data-id=\"afd4b5f\" data-element_type=\"section\" data-e-type=\"section\">\n\t\t\t\t\t\t<div class=\"elementor-container elementor-column-gap-default\">\n\t\t\t\t\t<div class=\"elementor-column elementor-col-100 elementor-top-column elementor-element elementor-element-0f87088\" data-id=\"0f87088\" data-element_type=\"column\" data-e-type=\"column\">\n\t\t\t<div class=\"elementor-widget-wrap elementor-element-populated\">\n\t\t\t\t\t\t<div class=\"elementor-element elementor-element-7bd864f elementor-widget elementor-widget-text-editor\" data-id=\"7bd864f\" data-element_type=\"widget\" data-e-type=\"widget\" data-widget_type=\"text-editor.default\">\n\t\t\t\t<div class=\"elementor-widget-container\">\n\t\t\t\t\t\t\t\t\t<p>Nasza szko\u0142a to miejsce, gdzie priorytetem jest nie tylko wysoki poziom edukacji, ale r\u00f3wnie\u017c stworzenie bezpiecznego i przyjaznego \u015brodowiska dla ka\u017cdego ucznia. Dbamy o to, aby ka\u017cdy z naszych podopiecznych m\u00f3g\u0142 rozwija\u0107 swoje umiej\u0119tno\u015bci w spos\u00f3b ci\u0105g\u0142y i sp\u00f3jny, bez potrzeby dodatkowych korepetycji czy zaj\u0119\u0107 uzupe\u0142niaj\u0105cych. Naszym celem jest zapewnienie takiego poziomu nauczania, kt\u00f3ry umo\u017cliwia wszechstronny rozw\u00f3j intelektualny, spo\u0142eczny i j\u0119zykowy.<\/p><p>Stale si\u0119 rozwijamy, aby sprosta\u0107 wymaganiom wsp\u00f3\u0142czesnego \u015bwiata i dostosowa\u0107 nasz\u0105 ofert\u0119 edukacyjn\u0105 do potrzeb uczni\u00f3w. Anga\u017cujemy si\u0119 w liczne inicjatywy i projekty, kt\u00f3re wzbogacaj\u0105 proces edukacyjny, k\u0142ad\u0105c nacisk na rozw\u00f3j umiej\u0119tno\u015bci j\u0119zykowych, spo\u0142ecznych i obywatelskich. Wierzymy, \u017ce to w\u0142a\u015bnie te kompetencje s\u0105 kluczem do przysz\u0142ego sukcesu naszych uczni\u00f3w.<\/p>\t\t\t\t\t\t\t\t<\/div>\n\t\t\t\t<\/div>\n\t\t\t\t\t<\/div>\n\t\t<\/div>\n\t\t\t\t\t<\/div>\n\t\t<\/section>\n\t\t\t\t<section class=\"elementor-section elementor-top-section elementor-element elementor-element-ca5441d elementor-section-boxed elementor-section-height-default elementor-section-height-default\" data-id=\"ca5441d\" data-element_type=\"section\" data-e-type=\"section\">\n\t\t\t\t\t\t<div class=\"elementor-container elementor-column-gap-default\">\n\t\t\t\t\t<div class=\"elementor-column elementor-col-100 elementor-top-column elementor-element elementor-element-58abcdf\" data-id=\"58abcdf\" data-element_type=\"column\" data-e-type=\"column\">\n\t\t\t<div class=\"elementor-widget-wrap elementor-element-populated\">\n\t\t\t\t\t\t<section class=\"elementor-section elementor-inner-section elementor-element elementor-element-a69e526 elementor-section-content-middle elementor-section-boxed elementor-section-height-default elementor-section-height-default\" data-id=\"a69e526\" data-element_type=\"section\" data-e-type=\"section\">\n\t\t\t\t\t\t<div class=\"elementor-container elementor-column-gap-no\">\n\t\t\t\t\t<div class=\"elementor-column elementor-col-100 elementor-inner-column elementor-element elementor-element-55ecb95\" data-id=\"55ecb95\" data-element_type=\"column\" data-e-type=\"column\">\n\t\t\t<div class=\"elementor-widget-wrap elementor-element-populated\">\n\t\t\t\t\t\t<div class=\"elementor-element elementor-element-2ad8efb elementor-widget__width-auto elementor-invisible elementor-widget elementor-widget-image\" data-id=\"2ad8efb\" data-element_type=\"widget\" data-e-type=\"widget\" data-settings=\"{&quot;_animation&quot;:&quot;fadeInLeft&quot;}\" data-widget_type=\"image.default\">\n\t\t\t\t<div class=\"elementor-widget-container\">\n\t\t\t\t\t\t\t\t\t\t\t\t\t\t\t<img loading=\"lazy\" decoding=\"async\" width=\"30\" height=\"30\" src=\"https:\/\/naszaszkola.com.pl\/psp\/wp-content\/uploads\/2024\/08\/Rectangle-5.jpg\" class=\"attachment-large size-large wp-image-25\" alt=\"\" \/>\t\t\t\t\t\t\t\t\t\t\t\t\t\t\t<\/div>\n\t\t\t\t<\/div>\n\t\t\t\t<div class=\"elementor-element elementor-element-df654d4 elementor-widget__width-auto elementor-widget elementor-widget-heading\" data-id=\"df654d4\" data-element_type=\"widget\" data-e-type=\"widget\" data-widget_type=\"heading.default\">\n\t\t\t\t<div class=\"elementor-widget-container\">\n\t\t\t\t\t<h3 class=\"elementor-heading-title elementor-size-default\">nASZA OFERTA<\/h3>\t\t\t\t<\/div>\n\t\t\t\t<\/div>\n\t\t\t\t\t<\/div>\n\t\t<\/div>\n\t\t\t\t\t<\/div>\n\t\t<\/section>\n\t\t\t\t<div class=\"elementor-element elementor-element-fec36e1 elementor-widget elementor-widget-heading\" data-id=\"fec36e1\" data-element_type=\"widget\" data-e-type=\"widget\" data-widget_type=\"heading.default\">\n\t\t\t\t<div class=\"elementor-widget-container\">\n\t\t\t\t\t<h2 class=\"elementor-heading-title elementor-size-default\">nASZA OFERTA<\/h2>\t\t\t\t<\/div>\n\t\t\t\t<\/div>\n\t\t\t\t<div class=\"elementor-element elementor-element-5f0aa2f elementor-widget-divider--separator-type-pattern elementor-widget-divider--view-line elementor-widget elementor-widget-divider\" data-id=\"5f0aa2f\" data-element_type=\"widget\" data-e-type=\"widget\" data-widget_type=\"divider.default\">\n\t\t\t\t<div class=\"elementor-widget-container\">\n\t\t\t\t\t\t\t<div class=\"elementor-divider\" style=\"--divider-pattern-url: url(&quot;data:image\/svg+xml,%3Csvg xmlns=&#039;http:\/\/www.w3.org\/2000\/svg&#039; preserveAspectRatio=&#039;none&#039; overflow=&#039;visible&#039; height=&#039;100%&#039; viewBox=&#039;0 0 24 24&#039; fill=&#039;none&#039; stroke=&#039;black&#039; stroke-width=&#039;2&#039; stroke-linecap=&#039;square&#039; stroke-miterlimit=&#039;10&#039;%3E%3Cpolyline points=&#039;0,18 12,6 24,18 &#039;\/%3E%3C\/svg%3E&quot;);\">\n\t\t\t<span class=\"elementor-divider-separator\">\n\t\t\t\t\t\t<\/span>\n\t\t<\/div>\n\t\t\t\t\t\t<\/div>\n\t\t\t\t<\/div>\n\t\t\t\t<div class=\"elementor-element elementor-element-329de92 elementor-widget elementor-widget-text-editor\" data-id=\"329de92\" data-element_type=\"widget\" data-e-type=\"widget\" data-widget_type=\"text-editor.default\">\n\t\t\t\t<div class=\"elementor-widget-container\">\n\t\t\t\t\t\t\t\t\t<p>NASZA SZKO\u0141A to miejsce bezpieczne i przyjazne dla wszystkich uczni\u00f3w. Zapewnia wysoki poziom edukacji i dba o to, aby ka\u017cdy osi\u0105gn\u0105\u0142 jak najlepsze wyniki.&nbsp;<\/p>\t\t\t\t\t\t\t\t<\/div>\n\t\t\t\t<\/div>\n\t\t\t\t<section class=\"elementor-section elementor-inner-section elementor-element elementor-element-d059e37 elementor-section-boxed elementor-section-height-default elementor-section-height-default\" data-id=\"d059e37\" data-element_type=\"section\" data-e-type=\"section\">\n\t\t\t\t\t\t<div class=\"elementor-container elementor-column-gap-default\">\n\t\t\t\t\t<div class=\"elementor-column elementor-col-50 elementor-inner-column elementor-element elementor-element-9f8d6ef\" data-id=\"9f8d6ef\" data-element_type=\"column\" data-e-type=\"column\">\n\t\t\t<div class=\"elementor-widget-wrap elementor-element-populated\">\n\t\t\t\t\t\t<div class=\"elementor-element elementor-element-da70df2 elementor-position-left elementor-vertical-align-top elementor-widget elementor-widget-image-box\" data-id=\"da70df2\" data-element_type=\"widget\" data-e-type=\"widget\" data-widget_type=\"image-box.default\">\n\t\t\t\t<div class=\"elementor-widget-container\">\n\t\t\t\t\t<div class=\"elementor-image-box-wrapper\"><figure class=\"elementor-image-box-img\"><img loading=\"lazy\" decoding=\"async\" width=\"64\" height=\"64\" src=\"https:\/\/naszaszkola.com.pl\/psp\/wp-content\/uploads\/2024\/08\/geography.png\" class=\"attachment-full size-full wp-image-42\" alt=\"\" \/><\/figure><div class=\"elementor-image-box-content\"><h3 class=\"elementor-image-box-title\">Edukacja<\/h3><p class=\"elementor-image-box-description\">Edukacja na najwy\u017cszym poziomie, bez potrzeby korepetycji.\n<\/p><\/div><\/div>\t\t\t\t<\/div>\n\t\t\t\t<\/div>\n\t\t\t\t\t<\/div>\n\t\t<\/div>\n\t\t\t\t<div class=\"elementor-column elementor-col-50 elementor-inner-column elementor-element elementor-element-415f2e0\" data-id=\"415f2e0\" data-element_type=\"column\" data-e-type=\"column\">\n\t\t\t<div class=\"elementor-widget-wrap elementor-element-populated\">\n\t\t\t\t\t\t<div class=\"elementor-element elementor-element-a265387 elementor-position-left elementor-vertical-align-top elementor-widget elementor-widget-image-box\" data-id=\"a265387\" data-element_type=\"widget\" data-e-type=\"widget\" data-widget_type=\"image-box.default\">\n\t\t\t\t<div class=\"elementor-widget-container\">\n\t\t\t\t\t<div class=\"elementor-image-box-wrapper\"><figure class=\"elementor-image-box-img\"><img decoding=\"async\" width=\"64\" height=\"64\" src=\"https:\/\/naszaszkola.com.pl\/psp\/wp-content\/uploads\/2024\/08\/certificate.png\" class=\"attachment-full size-full wp-image-30\" alt=\"\" loading=\"lazy\" \/><\/figure><div class=\"elementor-image-box-content\"><h3 class=\"elementor-image-box-title\">Metody nauczania<\/h3><p class=\"elementor-image-box-description\">Nowoczesne metody nauczania dla przysz\u0142ych lider\u00f3w.\n\n\n\n\n\n<\/p><\/div><\/div>\t\t\t\t<\/div>\n\t\t\t\t<\/div>\n\t\t\t\t\t<\/div>\n\t\t<\/div>\n\t\t\t\t\t<\/div>\n\t\t<\/section>\n\t\t\t\t<section class=\"elementor-section elementor-inner-section elementor-element elementor-element-af988a9 elementor-section-boxed elementor-section-height-default elementor-section-height-default\" data-id=\"af988a9\" data-element_type=\"section\" data-e-type=\"section\">\n\t\t\t\t\t\t<div class=\"elementor-container elementor-column-gap-default\">\n\t\t\t\t\t<div class=\"elementor-column elementor-col-50 elementor-inner-column elementor-element elementor-element-a695435\" data-id=\"a695435\" data-element_type=\"column\" data-e-type=\"column\">\n\t\t\t<div class=\"elementor-widget-wrap elementor-element-populated\">\n\t\t\t\t\t\t<div class=\"elementor-element elementor-element-8970a70 elementor-position-left elementor-vertical-align-top elementor-widget elementor-widget-image-box\" data-id=\"8970a70\" data-element_type=\"widget\" data-e-type=\"widget\" data-widget_type=\"image-box.default\">\n\t\t\t\t<div class=\"elementor-widget-container\">\n\t\t\t\t\t<div class=\"elementor-image-box-wrapper\"><figure class=\"elementor-image-box-img\"><img decoding=\"async\" width=\"64\" height=\"64\" src=\"https:\/\/naszaszkola.com.pl\/psp\/wp-content\/uploads\/2024\/08\/class.png\" class=\"attachment-full size-full wp-image-51\" alt=\"\" loading=\"lazy\" \/><\/figure><div class=\"elementor-image-box-content\"><h3 class=\"elementor-image-box-title\">Kompleksowy rozw\u00f3j<\/h3><p class=\"elementor-image-box-description\">Kompleksowy rozw\u00f3j intelektualny, spo\u0142eczny i j\u0119zykowy.\n<\/p><\/div><\/div>\t\t\t\t<\/div>\n\t\t\t\t<\/div>\n\t\t\t\t\t<\/div>\n\t\t<\/div>\n\t\t\t\t<div class=\"elementor-column elementor-col-50 elementor-inner-column elementor-element elementor-element-c97f1bc\" data-id=\"c97f1bc\" data-element_type=\"column\" data-e-type=\"column\">\n\t\t\t<div class=\"elementor-widget-wrap elementor-element-populated\">\n\t\t\t\t\t\t<div class=\"elementor-element elementor-element-9eef43b elementor-position-left elementor-vertical-align-top elementor-widget elementor-widget-image-box\" data-id=\"9eef43b\" data-element_type=\"widget\" data-e-type=\"widget\" data-widget_type=\"image-box.default\">\n\t\t\t\t<div class=\"elementor-widget-container\">\n\t\t\t\t\t<div class=\"elementor-image-box-wrapper\"><figure class=\"elementor-image-box-img\"><img decoding=\"async\" width=\"64\" height=\"64\" src=\"https:\/\/naszaszkola.com.pl\/psp\/wp-content\/uploads\/2024\/08\/globe.png\" class=\"attachment-full size-full wp-image-50\" alt=\"\" loading=\"lazy\" \/><\/figure><div class=\"elementor-image-box-content\"><h3 class=\"elementor-image-box-title\">Bezpiecze\u0144stwo<\/h3><p class=\"elementor-image-box-description\">Bezpieczna i przyjazna szko\u0142a dla ka\u017cdego ucznia.<\/p><\/div><\/div>\t\t\t\t<\/div>\n\t\t\t\t<\/div>\n\t\t\t\t\t<\/div>\n\t\t<\/div>\n\t\t\t\t\t<\/div>\n\t\t<\/section>\n\t\t\t\t\t<\/div>\n\t\t<\/div>\n\t\t\t\t\t<\/div>\n\t\t<\/section>\n\t\t\t\t<\/div>\n\t\t","protected":false},"excerpt":{"rendered":"<p>Nasza szko\u0142a to miejsce, gdzie priorytetem jest nie tylko wysoki poziom edukacji, ale r\u00f3wnie\u017c stworzenie bezpiecznego i przyjaznego \u015brodowiska dla ka\u017cdego ucznia. Dbamy o to, aby ka\u017cdy z naszych podopiecznych m\u00f3g\u0142 rozwija\u0107 swoje umiej\u0119tno\u015bci w spos\u00f3b ci\u0105g\u0142y i sp\u00f3jny, bez potrzeby dodatkowych korepetycji czy zaj\u0119\u0107 uzupe\u0142niaj\u0105cych. Naszym celem jest zapewnienie takiego poziomu nauczania, kt\u00f3ry umo\u017cliwia [&hellip;]<\/p>\n","protected":false},"author":1,"featured_media":0,"parent":406,"menu_order":0,"comment_status":"closed","ping_status":"closed","template":"","meta":{"_acf_changed":false,"footnotes":""},"class_list":["post-488","page","type-page","status-publish","hentry"],"acf":[],"yoast_head":"<!-- This site is optimized with the Yoast SEO plugin v23.2 - https:\/\/yoast.com\/wordpress\/plugins\/seo\/ -->\n<title>Nasza misja - Nasza Szko\u0142a<\/title>\n<meta name=\"robots\" content=\"index, follow, max-snippet:-1, max-image-preview:large, max-video-preview:-1\" \/>\n<link rel=\"canonical\" href=\"https:\/\/naszaszkola.com.pl\/psp\/o-szkole\/nasza-misja\/\" \/>\n<meta property=\"og:locale\" content=\"pl_PL\" \/>\n<meta property=\"og:type\" content=\"article\" \/>\n<meta property=\"og:title\" content=\"Nasza misja - Nasza Szko\u0142a\" \/>\n<meta property=\"og:description\" content=\"Nasza szko\u0142a to miejsce, gdzie priorytetem jest nie tylko wysoki poziom edukacji, ale r\u00f3wnie\u017c stworzenie bezpiecznego i przyjaznego \u015brodowiska dla ka\u017cdego ucznia. Dbamy o to, aby ka\u017cdy z naszych podopiecznych m\u00f3g\u0142 rozwija\u0107 swoje umiej\u0119tno\u015bci w spos\u00f3b ci\u0105g\u0142y i sp\u00f3jny, bez potrzeby dodatkowych korepetycji czy zaj\u0119\u0107 uzupe\u0142niaj\u0105cych. Naszym celem jest zapewnienie takiego poziomu nauczania, kt\u00f3ry umo\u017cliwia [&hellip;]\" \/>\n<meta property=\"og:url\" content=\"https:\/\/naszaszkola.com.pl\/psp\/o-szkole\/nasza-misja\/\" \/>\n<meta property=\"og:site_name\" content=\"Nasza Szko\u0142a\" \/>\n<meta property=\"article:modified_time\" content=\"2024-11-06T14:40:17+00:00\" \/>\n<meta property=\"og:image\" content=\"https:\/\/naszaszkola.com.pl\/psp\/wp-content\/uploads\/2024\/08\/Rectangle-5.jpg\" \/>\n<meta name=\"twitter:card\" content=\"summary_large_image\" \/>\n<meta name=\"twitter:label1\" content=\"Szacowany czas czytania\" \/>\n\t<meta name=\"twitter:data1\" content=\"3 minuty\" \/>\n<script type=\"application\/ld+json\" class=\"yoast-schema-graph\">{\"@context\":\"https:\/\/schema.org\",\"@graph\":[{\"@type\":\"WebPage\",\"@id\":\"https:\/\/naszaszkola.com.pl\/psp\/o-szkole\/nasza-misja\/\",\"url\":\"https:\/\/naszaszkola.com.pl\/psp\/o-szkole\/nasza-misja\/\",\"name\":\"Nasza misja - Nasza Szko\u0142a\",\"isPartOf\":{\"@id\":\"https:\/\/naszaszkola.com.pl\/psp\/#website\"},\"primaryImageOfPage\":{\"@id\":\"https:\/\/naszaszkola.com.pl\/psp\/o-szkole\/nasza-misja\/#primaryimage\"},\"image\":{\"@id\":\"https:\/\/naszaszkola.com.pl\/psp\/o-szkole\/nasza-misja\/#primaryimage\"},\"thumbnailUrl\":\"https:\/\/naszaszkola.com.pl\/psp\/wp-content\/uploads\/2024\/08\/Rectangle-5.jpg\",\"datePublished\":\"2024-08-19T10:48:27+00:00\",\"dateModified\":\"2024-11-06T14:40:17+00:00\",\"breadcrumb\":{\"@id\":\"https:\/\/naszaszkola.com.pl\/psp\/o-szkole\/nasza-misja\/#breadcrumb\"},\"inLanguage\":\"pl-PL\",\"potentialAction\":[{\"@type\":\"ReadAction\",\"target\":[\"https:\/\/naszaszkola.com.pl\/psp\/o-szkole\/nasza-misja\/\"]}]},{\"@type\":\"ImageObject\",\"inLanguage\":\"pl-PL\",\"@id\":\"https:\/\/naszaszkola.com.pl\/psp\/o-szkole\/nasza-misja\/#primaryimage\",\"url\":\"https:\/\/naszaszkola.com.pl\/psp\/wp-content\/uploads\/2024\/08\/Rectangle-5.jpg\",\"contentUrl\":\"https:\/\/naszaszkola.com.pl\/psp\/wp-content\/uploads\/2024\/08\/Rectangle-5.jpg\",\"width\":30,\"height\":30},{\"@type\":\"BreadcrumbList\",\"@id\":\"https:\/\/naszaszkola.com.pl\/psp\/o-szkole\/nasza-misja\/#breadcrumb\",\"itemListElement\":[{\"@type\":\"ListItem\",\"position\":1,\"name\":\"Strona g\u0142\u00f3wna\",\"item\":\"https:\/\/naszaszkola.com.pl\/psp\/\"},{\"@type\":\"ListItem\",\"position\":2,\"name\":\"O szkole\",\"item\":\"https:\/\/naszaszkola.com.pl\/psp\/o-szkole\/\"},{\"@type\":\"ListItem\",\"position\":3,\"name\":\"Nasza misja\"}]},{\"@type\":\"WebSite\",\"@id\":\"https:\/\/naszaszkola.com.pl\/psp\/#website\",\"url\":\"https:\/\/naszaszkola.com.pl\/psp\/\",\"name\":\"Nasza Szko\u0142a\",\"description\":\"Nasza Szko\u0142a\",\"potentialAction\":[{\"@type\":\"SearchAction\",\"target\":{\"@type\":\"EntryPoint\",\"urlTemplate\":\"https:\/\/naszaszkola.com.pl\/psp\/?s={search_term_string}\"},\"query-input\":\"required name=search_term_string\"}],\"inLanguage\":\"pl-PL\"}]}<\/script>\n<!-- \/ Yoast SEO plugin. -->","yoast_head_json":{"title":"Nasza misja - Nasza Szko\u0142a","robots":{"index":"index","follow":"follow","max-snippet":"max-snippet:-1","max-image-preview":"max-image-preview:large","max-video-preview":"max-video-preview:-1"},"canonical":"https:\/\/naszaszkola.com.pl\/psp\/o-szkole\/nasza-misja\/","og_locale":"pl_PL","og_type":"article","og_title":"Nasza misja - Nasza Szko\u0142a","og_description":"Nasza szko\u0142a to miejsce, gdzie priorytetem jest nie tylko wysoki poziom edukacji, ale r\u00f3wnie\u017c stworzenie bezpiecznego i przyjaznego \u015brodowiska dla ka\u017cdego ucznia. Dbamy o to, aby ka\u017cdy z naszych podopiecznych m\u00f3g\u0142 rozwija\u0107 swoje umiej\u0119tno\u015bci w spos\u00f3b ci\u0105g\u0142y i sp\u00f3jny, bez potrzeby dodatkowych korepetycji czy zaj\u0119\u0107 uzupe\u0142niaj\u0105cych. Naszym celem jest zapewnienie takiego poziomu nauczania, kt\u00f3ry umo\u017cliwia [&hellip;]","og_url":"https:\/\/naszaszkola.com.pl\/psp\/o-szkole\/nasza-misja\/","og_site_name":"Nasza Szko\u0142a","article_modified_time":"2024-11-06T14:40:17+00:00","og_image":[{"url":"https:\/\/naszaszkola.com.pl\/psp\/wp-content\/uploads\/2024\/08\/Rectangle-5.jpg"}],"twitter_card":"summary_large_image","twitter_misc":{"Szacowany czas czytania":"3 minuty"},"schema":{"@context":"https:\/\/schema.org","@graph":[{"@type":"WebPage","@id":"https:\/\/naszaszkola.com.pl\/psp\/o-szkole\/nasza-misja\/","url":"https:\/\/naszaszkola.com.pl\/psp\/o-szkole\/nasza-misja\/","name":"Nasza misja - Nasza Szko\u0142a","isPartOf":{"@id":"https:\/\/naszaszkola.com.pl\/psp\/#website"},"primaryImageOfPage":{"@id":"https:\/\/naszaszkola.com.pl\/psp\/o-szkole\/nasza-misja\/#primaryimage"},"image":{"@id":"https:\/\/naszaszkola.com.pl\/psp\/o-szkole\/nasza-misja\/#primaryimage"},"thumbnailUrl":"https:\/\/naszaszkola.com.pl\/psp\/wp-content\/uploads\/2024\/08\/Rectangle-5.jpg","datePublished":"2024-08-19T10:48:27+00:00","dateModified":"2024-11-06T14:40:17+00:00","breadcrumb":{"@id":"https:\/\/naszaszkola.com.pl\/psp\/o-szkole\/nasza-misja\/#breadcrumb"},"inLanguage":"pl-PL","potentialAction":[{"@type":"ReadAction","target":["https:\/\/naszaszkola.com.pl\/psp\/o-szkole\/nasza-misja\/"]}]},{"@type":"ImageObject","inLanguage":"pl-PL","@id":"https:\/\/naszaszkola.com.pl\/psp\/o-szkole\/nasza-misja\/#primaryimage","url":"https:\/\/naszaszkola.com.pl\/psp\/wp-content\/uploads\/2024\/08\/Rectangle-5.jpg","contentUrl":"https:\/\/naszaszkola.com.pl\/psp\/wp-content\/uploads\/2024\/08\/Rectangle-5.jpg","width":30,"height":30},{"@type":"BreadcrumbList","@id":"https:\/\/naszaszkola.com.pl\/psp\/o-szkole\/nasza-misja\/#breadcrumb","itemListElement":[{"@type":"ListItem","position":1,"name":"Strona g\u0142\u00f3wna","item":"https:\/\/naszaszkola.com.pl\/psp\/"},{"@type":"ListItem","position":2,"name":"O szkole","item":"https:\/\/naszaszkola.com.pl\/psp\/o-szkole\/"},{"@type":"ListItem","position":3,"name":"Nasza misja"}]},{"@type":"WebSite","@id":"https:\/\/naszaszkola.com.pl\/psp\/#website","url":"https:\/\/naszaszkola.com.pl\/psp\/","name":"Nasza Szko\u0142a","description":"Nasza Szko\u0142a","potentialAction":[{"@type":"SearchAction","target":{"@type":"EntryPoint","urlTemplate":"https:\/\/naszaszkola.com.pl\/psp\/?s={search_term_string}"},"query-input":"required name=search_term_string"}],"inLanguage":"pl-PL"}]}},"_links":{"self":[{"href":"https:\/\/naszaszkola.com.pl\/psp\/wp-json\/wp\/v2\/pages\/488","targetHints":{"allow":["GET"]}}],"collection":[{"href":"https:\/\/naszaszkola.com.pl\/psp\/wp-json\/wp\/v2\/pages"}],"about":[{"href":"https:\/\/naszaszkola.com.pl\/psp\/wp-json\/wp\/v2\/types\/page"}],"author":[{"embeddable":true,"href":"https:\/\/naszaszkola.com.pl\/psp\/wp-json\/wp\/v2\/users\/1"}],"replies":[{"embeddable":true,"href":"https:\/\/naszaszkola.com.pl\/psp\/wp-json\/wp\/v2\/comments?post=488"}],"version-history":[{"count":17,"href":"https:\/\/naszaszkola.com.pl\/psp\/wp-json\/wp\/v2\/pages\/488\/revisions"}],"predecessor-version":[{"id":838,"href":"https:\/\/naszaszkola.com.pl\/psp\/wp-json\/wp\/v2\/pages\/488\/revisions\/838"}],"up":[{"embeddable":true,"href":"https:\/\/naszaszkola.com.pl\/psp\/wp-json\/wp\/v2\/pages\/406"}],"wp:attachment":[{"href":"https:\/\/naszaszkola.com.pl\/psp\/wp-json\/wp\/v2\/media?parent=488"}],"curies":[{"name":"wp","href":"https:\/\/api.w.org\/{rel}","templated":true}]}}