{"id":707,"date":"2024-10-01T09:39:51","date_gmt":"2024-10-01T09:39:51","guid":{"rendered":"https:\/\/naszaszkola.com.pl\/psp\/o-szkole\/dzwonki-copy\/"},"modified":"2024-10-21T13:08:29","modified_gmt":"2024-10-21T13:08:29","slug":"kalendarz","status":"publish","type":"page","link":"https:\/\/naszaszkola.com.pl\/psp\/przydatne-informacje\/kalendarz\/","title":{"rendered":"Kalendarz"},"content":{"rendered":"\t\t<div data-elementor-type=\"wp-page\" data-elementor-id=\"707\" class=\"elementor elementor-707\" data-elementor-post-type=\"page\">\n\t\t\t\t<div class=\"elementor-element elementor-element-1533447 e-con-full e-flex e-con e-parent\" data-id=\"1533447\" data-element_type=\"container\" data-e-type=\"container\">\n\t\t\t\t<div class=\"elementor-element elementor-element-55f26f7 elementor-widget elementor-widget-text-editor\" data-id=\"55f26f7\" data-element_type=\"widget\" data-e-type=\"widget\" data-widget_type=\"text-editor.default\">\n\t\t\t\t<div class=\"elementor-widget-container\">\n\t\t\t\t\t\t\t\t\t<p>W naszej szkole regularnie organizujemy wydarzenia, kt\u00f3re wzbogacaj\u0105 \u017cycie spo\u0142eczno\u015bci uczniowskiej. Nasz kalendarz zawiera informacje o wa\u017cnych terminach, takich jak dni otwarte, wycieczki, konkursy oraz uroczysto\u015bci szkolne. Dzi\u0119ki temu uczniowie i rodzice mog\u0105 na bie\u017c\u0105co \u015bledzi\u0107 aktywno\u015bci i uczestniczy\u0107 w planowanych wydarzeniach.<\/p><p><strong>2 wrze\u015bnia 2024<\/strong> &#8211; Rozpocz\u0119cie zaj\u0119\u0107 dydaktyczno-wychowawczych<br \/><strong>1 listopada (pi\u0105tek)<\/strong> &#8211; Wszystkich \u015awi\u0119tych<br \/><strong>11 listopada (poniedzia\u0142ek)<\/strong> &#8211; \u015awi\u0119to Niepodleg\u0142o\u015bci<br \/><strong>23-31 grudnia 2024, 1-5 stycznia 2025<\/strong> &#8211; Zimowa przerwa \u015bwi\u0105teczna \u2013 Nowy Rok<br \/><strong>6 stycznia 2025<\/strong> &#8211; Trzech Kr\u00f3li<br \/><strong>27 stycznia \u2013 9 lutego 2025<\/strong> &#8211; Ferie zimowe\u00a0<br \/><strong>17 kwietnia \u2013 22 kwietnia 2025<\/strong> &#8211; Wiosenna przerwa \u015bwi\u0105teczna<br \/><strong>1-2 (czwartek-pi\u0105tek) maja<\/strong> &#8211; Maj\u00f3wka<br \/><strong>13-15 maja \u2013 dotyczy klas starszych<\/strong> &#8211; Egzamin \u00d3smoklasisty \u2013 termin g\u0142\u00f3wny<br \/><strong>10-12 czerwca &#8211; dotyczy klas starszych<\/strong> &#8211; Egzamin \u00d3smoklasisty \u2013 termin dodatkowy<br \/><strong>19- 20 czerwca 2025<\/strong> &#8211; Bo\u017ce Cia\u0142o\u00a0<br \/><strong>26 czerwca (czwartek)<\/strong> &#8211; Zako\u0144czenie roku szkolnego w AS Nasza Szko\u0142a<br \/><strong>27 czerwca 2025 (pi\u0105tek)<\/strong> &#8211; Zako\u0144czenie zaj\u0119\u0107 dydaktyczno-wychowawczych w szko\u0142ach publicznych<br \/><strong>28 czerwca \u2013 31 sierpnia 2025<\/strong> &#8211; Wakacje!!!<\/p>\t\t\t\t\t\t\t\t<\/div>\n\t\t\t\t<\/div>\n\t\t\t\t<\/div>\n\t\t\t\t<\/div>\n\t\t","protected":false},"excerpt":{"rendered":"<p>W naszej szkole regularnie organizujemy wydarzenia, kt\u00f3re wzbogacaj\u0105 \u017cycie spo\u0142eczno\u015bci uczniowskiej. Nasz kalendarz zawiera informacje o wa\u017cnych terminach, takich jak dni otwarte, wycieczki, konkursy oraz uroczysto\u015bci szkolne. Dzi\u0119ki temu uczniowie i rodzice mog\u0105 na bie\u017c\u0105co \u015bledzi\u0107 aktywno\u015bci i uczestniczy\u0107 w planowanych wydarzeniach. 2 wrze\u015bnia 2024 &#8211; Rozpocz\u0119cie zaj\u0119\u0107 dydaktyczno-wychowawczych1 listopada (pi\u0105tek) &#8211; Wszystkich \u015awi\u0119tych11 listopada [&hellip;]<\/p>\n","protected":false},"author":1,"featured_media":0,"parent":378,"menu_order":0,"comment_status":"closed","ping_status":"closed","template":"","meta":{"_acf_changed":false,"footnotes":""},"class_list":["post-707","page","type-page","status-publish","hentry"],"acf":[],"yoast_head":"<!-- This site is optimized with the Yoast SEO plugin v23.2 - https:\/\/yoast.com\/wordpress\/plugins\/seo\/ -->\n<title>Kalendarz - Nasza Szko\u0142a<\/title>\n<meta name=\"robots\" content=\"index, follow, max-snippet:-1, max-image-preview:large, max-video-preview:-1\" \/>\n<link rel=\"canonical\" href=\"https:\/\/naszaszkola.com.pl\/psp\/przydatne-informacje\/kalendarz\/\" \/>\n<meta property=\"og:locale\" content=\"pl_PL\" \/>\n<meta property=\"og:type\" content=\"article\" \/>\n<meta property=\"og:title\" content=\"Kalendarz - Nasza Szko\u0142a\" \/>\n<meta property=\"og:description\" content=\"W naszej szkole regularnie organizujemy wydarzenia, kt\u00f3re wzbogacaj\u0105 \u017cycie spo\u0142eczno\u015bci uczniowskiej. Nasz kalendarz zawiera informacje o wa\u017cnych terminach, takich jak dni otwarte, wycieczki, konkursy oraz uroczysto\u015bci szkolne. Dzi\u0119ki temu uczniowie i rodzice mog\u0105 na bie\u017c\u0105co \u015bledzi\u0107 aktywno\u015bci i uczestniczy\u0107 w planowanych wydarzeniach. 2 wrze\u015bnia 2024 &#8211; Rozpocz\u0119cie zaj\u0119\u0107 dydaktyczno-wychowawczych1 listopada (pi\u0105tek) &#8211; Wszystkich \u015awi\u0119tych11 listopada [&hellip;]\" \/>\n<meta property=\"og:url\" content=\"https:\/\/naszaszkola.com.pl\/psp\/przydatne-informacje\/kalendarz\/\" \/>\n<meta property=\"og:site_name\" content=\"Nasza Szko\u0142a\" \/>\n<meta property=\"article:modified_time\" content=\"2024-10-21T13:08:29+00:00\" \/>\n<meta name=\"twitter:card\" content=\"summary_large_image\" \/>\n<meta name=\"twitter:label1\" content=\"Szacowany czas czytania\" \/>\n\t<meta name=\"twitter:data1\" content=\"1 minuta\" \/>\n<script type=\"application\/ld+json\" class=\"yoast-schema-graph\">{\"@context\":\"https:\/\/schema.org\",\"@graph\":[{\"@type\":\"WebPage\",\"@id\":\"https:\/\/naszaszkola.com.pl\/psp\/przydatne-informacje\/kalendarz\/\",\"url\":\"https:\/\/naszaszkola.com.pl\/psp\/przydatne-informacje\/kalendarz\/\",\"name\":\"Kalendarz - Nasza Szko\u0142a\",\"isPartOf\":{\"@id\":\"https:\/\/naszaszkola.com.pl\/psp\/#website\"},\"datePublished\":\"2024-10-01T09:39:51+00:00\",\"dateModified\":\"2024-10-21T13:08:29+00:00\",\"breadcrumb\":{\"@id\":\"https:\/\/naszaszkola.com.pl\/psp\/przydatne-informacje\/kalendarz\/#breadcrumb\"},\"inLanguage\":\"pl-PL\",\"potentialAction\":[{\"@type\":\"ReadAction\",\"target\":[\"https:\/\/naszaszkola.com.pl\/psp\/przydatne-informacje\/kalendarz\/\"]}]},{\"@type\":\"BreadcrumbList\",\"@id\":\"https:\/\/naszaszkola.com.pl\/psp\/przydatne-informacje\/kalendarz\/#breadcrumb\",\"itemListElement\":[{\"@type\":\"ListItem\",\"position\":1,\"name\":\"Strona g\u0142\u00f3wna\",\"item\":\"https:\/\/naszaszkola.com.pl\/psp\/\"},{\"@type\":\"ListItem\",\"position\":2,\"name\":\"Przydatne informacje\",\"item\":\"https:\/\/naszaszkola.com.pl\/psp\/przydatne-informacje\/\"},{\"@type\":\"ListItem\",\"position\":3,\"name\":\"Kalendarz\"}]},{\"@type\":\"WebSite\",\"@id\":\"https:\/\/naszaszkola.com.pl\/psp\/#website\",\"url\":\"https:\/\/naszaszkola.com.pl\/psp\/\",\"name\":\"Nasza Szko\u0142a\",\"description\":\"Nasza Szko\u0142a\",\"potentialAction\":[{\"@type\":\"SearchAction\",\"target\":{\"@type\":\"EntryPoint\",\"urlTemplate\":\"https:\/\/naszaszkola.com.pl\/psp\/?s={search_term_string}\"},\"query-input\":\"required name=search_term_string\"}],\"inLanguage\":\"pl-PL\"}]}<\/script>\n<!-- \/ Yoast SEO plugin. -->","yoast_head_json":{"title":"Kalendarz - Nasza Szko\u0142a","robots":{"index":"index","follow":"follow","max-snippet":"max-snippet:-1","max-image-preview":"max-image-preview:large","max-video-preview":"max-video-preview:-1"},"canonical":"https:\/\/naszaszkola.com.pl\/psp\/przydatne-informacje\/kalendarz\/","og_locale":"pl_PL","og_type":"article","og_title":"Kalendarz - Nasza Szko\u0142a","og_description":"W naszej szkole regularnie organizujemy wydarzenia, kt\u00f3re wzbogacaj\u0105 \u017cycie spo\u0142eczno\u015bci uczniowskiej. Nasz kalendarz zawiera informacje o wa\u017cnych terminach, takich jak dni otwarte, wycieczki, konkursy oraz uroczysto\u015bci szkolne. Dzi\u0119ki temu uczniowie i rodzice mog\u0105 na bie\u017c\u0105co \u015bledzi\u0107 aktywno\u015bci i uczestniczy\u0107 w planowanych wydarzeniach. 2 wrze\u015bnia 2024 &#8211; Rozpocz\u0119cie zaj\u0119\u0107 dydaktyczno-wychowawczych1 listopada (pi\u0105tek) &#8211; Wszystkich \u015awi\u0119tych11 listopada [&hellip;]","og_url":"https:\/\/naszaszkola.com.pl\/psp\/przydatne-informacje\/kalendarz\/","og_site_name":"Nasza Szko\u0142a","article_modified_time":"2024-10-21T13:08:29+00:00","twitter_card":"summary_large_image","twitter_misc":{"Szacowany czas czytania":"1 minuta"},"schema":{"@context":"https:\/\/schema.org","@graph":[{"@type":"WebPage","@id":"https:\/\/naszaszkola.com.pl\/psp\/przydatne-informacje\/kalendarz\/","url":"https:\/\/naszaszkola.com.pl\/psp\/przydatne-informacje\/kalendarz\/","name":"Kalendarz - Nasza Szko\u0142a","isPartOf":{"@id":"https:\/\/naszaszkola.com.pl\/psp\/#website"},"datePublished":"2024-10-01T09:39:51+00:00","dateModified":"2024-10-21T13:08:29+00:00","breadcrumb":{"@id":"https:\/\/naszaszkola.com.pl\/psp\/przydatne-informacje\/kalendarz\/#breadcrumb"},"inLanguage":"pl-PL","potentialAction":[{"@type":"ReadAction","target":["https:\/\/naszaszkola.com.pl\/psp\/przydatne-informacje\/kalendarz\/"]}]},{"@type":"BreadcrumbList","@id":"https:\/\/naszaszkola.com.pl\/psp\/przydatne-informacje\/kalendarz\/#breadcrumb","itemListElement":[{"@type":"ListItem","position":1,"name":"Strona g\u0142\u00f3wna","item":"https:\/\/naszaszkola.com.pl\/psp\/"},{"@type":"ListItem","position":2,"name":"Przydatne informacje","item":"https:\/\/naszaszkola.com.pl\/psp\/przydatne-informacje\/"},{"@type":"ListItem","position":3,"name":"Kalendarz"}]},{"@type":"WebSite","@id":"https:\/\/naszaszkola.com.pl\/psp\/#website","url":"https:\/\/naszaszkola.com.pl\/psp\/","name":"Nasza Szko\u0142a","description":"Nasza Szko\u0142a","potentialAction":[{"@type":"SearchAction","target":{"@type":"EntryPoint","urlTemplate":"https:\/\/naszaszkola.com.pl\/psp\/?s={search_term_string}"},"query-input":"required name=search_term_string"}],"inLanguage":"pl-PL"}]}},"_links":{"self":[{"href":"https:\/\/naszaszkola.com.pl\/psp\/wp-json\/wp\/v2\/pages\/707","targetHints":{"allow":["GET"]}}],"collection":[{"href":"https:\/\/naszaszkola.com.pl\/psp\/wp-json\/wp\/v2\/pages"}],"about":[{"href":"https:\/\/naszaszkola.com.pl\/psp\/wp-json\/wp\/v2\/types\/page"}],"author":[{"embeddable":true,"href":"https:\/\/naszaszkola.com.pl\/psp\/wp-json\/wp\/v2\/users\/1"}],"replies":[{"embeddable":true,"href":"https:\/\/naszaszkola.com.pl\/psp\/wp-json\/wp\/v2\/comments?post=707"}],"version-history":[{"count":16,"href":"https:\/\/naszaszkola.com.pl\/psp\/wp-json\/wp\/v2\/pages\/707\/revisions"}],"predecessor-version":[{"id":799,"href":"https:\/\/naszaszkola.com.pl\/psp\/wp-json\/wp\/v2\/pages\/707\/revisions\/799"}],"up":[{"embeddable":true,"href":"https:\/\/naszaszkola.com.pl\/psp\/wp-json\/wp\/v2\/pages\/378"}],"wp:attachment":[{"href":"https:\/\/naszaszkola.com.pl\/psp\/wp-json\/wp\/v2\/media?parent=707"}],"curies":[{"name":"wp","href":"https:\/\/api.w.org\/{rel}","templated":true}]}}

<div data-elementor-type="wp-page" data-elementor-id="707" class="elementor elementor-707" data-elementor-post-type="page">
				<div class="elementor-element elementor-element-1533447 e-con-full e-flex e-con e-parent" data-id="1533447" data-element_type="container" data-e-type="container">
				<div class="elementor-element elementor-element-55f26f7 elementor-widget elementor-widget-text-editor" data-id="55f26f7" data-element_type="widget" data-e-type="widget" data-widget_type="text-editor.default">
				<div class="elementor-widget-container">
									<p>W naszej szkole regularnie organizujemy wydarzenia, które wzbogacają życie społeczności uczniowskiej. Nasz kalendarz zawiera informacje o ważnych terminach, takich jak dni otwarte, wycieczki, konkursy oraz uroczystości szkolne. Dzięki temu uczniowie i rodzice mogą na bieżąco śledzić aktywności i uczestniczyć w planowanych wydarzeniach.</p><p><strong>2 września 2024</strong> &#8211; Rozpoczęcie zajęć dydaktyczno-wychowawczych<br /><strong>1 listopada (piątek)</strong> &#8211; Wszystkich Świętych<br /><strong>11 listopada (poniedziałek)</strong> &#8211; Święto Niepodległości<br /><strong>23-31 grudnia 2024, 1-5 stycznia 2025</strong> &#8211; Zimowa przerwa świąteczna – Nowy Rok<br /><strong>6 stycznia 2025</strong> &#8211; Trzech Króli<br /><strong>27 stycznia – 9 lutego 2025</strong> &#8211; Ferie zimowe <br /><strong>17 kwietnia – 22 kwietnia 2025</strong> &#8211; Wiosenna przerwa świąteczna<br /><strong>1-2 (czwartek-piątek) maja</strong> &#8211; Majówka<br /><strong>13-15 maja – dotyczy klas starszych</strong> &#8211; Egzamin Ósmoklasisty – termin główny<br /><strong>10-12 czerwca &#8211; dotyczy klas starszych</strong> &#8211; Egzamin Ósmoklasisty – termin dodatkowy<br /><strong>19- 20 czerwca 2025</strong> &#8211; Boże Ciało <br /><strong>26 czerwca (czwartek)</strong> &#8211; Zakończenie roku szkolnego w AS Nasza Szkoła<br /><strong>27 czerwca 2025 (piątek)</strong> &#8211; Zakończenie zajęć dydaktyczno-wychowawczych w szkołach publicznych<br /><strong>28 czerwca – 31 sierpnia 2025</strong> &#8211; Wakacje!!!</p>								</div>
				</div>
				</div>
				</div>

<p>W naszej szkole regularnie organizujemy wydarzenia, które wzbogacają życie społeczności uczniowskiej. Nasz kalendarz zawiera informacje o ważnych terminach, takich jak dni otwarte, wycieczki, konkursy oraz uroczystości szkolne. Dzięki temu uczniowie i rodzice mogą na bieżąco śledzić aktywności i uczestniczyć w planowanych wydarzeniach. 2 września 2024 &#8211; Rozpoczęcie zajęć dydaktyczno-wychowawczych1 listopada (piątek) &#8211; Wszystkich Świętych11 listopada [&hellip;]</p>

<!-- This site is optimized with the Yoast SEO plugin v23.2 - https://yoast.com/wordpress/plugins/seo/ -->
<title>Kalendarz - Nasza Szkoła</title>
<meta name="robots" content="index, follow, max-snippet:-1, max-image-preview:large, max-video-preview:-1" />
<link rel="canonical" href="https://naszaszkola.com.pl/psp/przydatne-informacje/kalendarz/" />
<meta property="og:locale" content="pl_PL" />
<meta property="og:type" content="article" />
<meta property="og:title" content="Kalendarz - Nasza Szkoła" />
<meta property="og:description" content="W naszej szkole regularnie organizujemy wydarzenia, które wzbogacają życie społeczności uczniowskiej. Nasz kalendarz zawiera informacje o ważnych terminach, takich jak dni otwarte, wycieczki, konkursy oraz uroczystości szkolne. Dzięki temu uczniowie i rodzice mogą na bieżąco śledzić aktywności i uczestniczyć w planowanych wydarzeniach. 2 września 2024 &#8211; Rozpoczęcie zajęć dydaktyczno-wychowawczych1 listopada (piątek) &#8211; Wszystkich Świętych11 listopada [&hellip;]" />
<meta property="og:url" content="https://naszaszkola.com.pl/psp/przydatne-informacje/kalendarz/" />
<meta property="og:site_name" content="Nasza Szkoła" />
<meta property="article:modified_time" content="2024-10-21T13:08:29+00:00" />
<meta name="twitter:card" content="summary_large_image" />
<meta name="twitter:label1" content="Szacowany czas czytania" />
	<meta name="twitter:data1" content="1 minuta" />
<script type="application/ld+json" class="yoast-schema-graph">{"@context":"https://schema.org","@graph":[{"@type":"WebPage","@id":"https://naszaszkola.com.pl/psp/przydatne-informacje/kalendarz/","url":"https://naszaszkola.com.pl/psp/przydatne-informacje/kalendarz/","name":"Kalendarz - Nasza Szkoła","isPartOf":{"@id":"https://naszaszkola.com.pl/psp/#website"},"datePublished":"2024-10-01T09:39:51+00:00","dateModified":"2024-10-21T13:08:29+00:00","breadcrumb":{"@id":"https://naszaszkola.com.pl/psp/przydatne-informacje/kalendarz/#breadcrumb"},"inLanguage":"pl-PL","potentialAction":[{"@type":"ReadAction","target":["https://naszaszkola.com.pl/psp/przydatne-informacje/kalendarz/"]}]},{"@type":"BreadcrumbList","@id":"https://naszaszkola.com.pl/psp/przydatne-informacje/kalendarz/#breadcrumb","itemListElement":[{"@type":"ListItem","position":1,"name":"Strona główna","item":"https://naszaszkola.com.pl/psp/"},{"@type":"ListItem","position":2,"name":"Przydatne informacje","item":"https://naszaszkola.com.pl/psp/przydatne-informacje/"},{"@type":"ListItem","position":3,"name":"Kalendarz"}]},{"@type":"WebSite","@id":"https://naszaszkola.com.pl/psp/#website","url":"https://naszaszkola.com.pl/psp/","name":"Nasza Szkoła","description":"Nasza Szkoła","potentialAction":[{"@type":"SearchAction","target":{"@type":"EntryPoint","urlTemplate":"https://naszaszkola.com.pl/psp/?s={search_term_string}"},"query-input":"required name=search_term_string"}],"inLanguage":"pl-PL"}]}</script>
<!-- / Yoast SEO plugin. -->

Kalendarz - Nasza Szkoła

W naszej szkole regularnie organizujemy wydarzenia, które wzbogacają życie społeczności uczniowskiej. Nasz kalendarz zawiera informacje o ważnych terminach, takich jak dni otwarte, wycieczki, konkursy oraz uroczystości szkolne. Dzięki temu uczniowie i rodzice mogą na bieżąco śledzić aktywności i uczestniczyć w planowanych wydarzeniach. 2 września 2024 &#8211; Rozpoczęcie zajęć dydaktyczno-wychowawczych1 listopada (piątek) &#8211; Wszystkich Świętych11 listopada [&hellip;]

Nasza Szkoła

Strona główna
